{"id":5,"date":"2014-05-08T04:08:14","date_gmt":"2014-05-08T04:08:14","guid":{"rendered":"https:\/\/2014.hanoi.wordcamp.org\/location\/"},"modified":"2014-07-30T17:20:45","modified_gmt":"2014-07-30T10:20:45","slug":"location","status":"publish","type":"page","link":"https:\/\/hanoi.wordcamp.org\/2014\/location\/","title":{"rendered":"\u0110\u1ecba \u0111i\u1ec3m (Location)"},"content":{"rendered":"<p>(English Below)<\/p>\n<p>\u0110\u1ecba \u0111i\u1ec3m t\u1ed5 ch\u1ee9c WordCamp H\u00e0 N\u1ed9i \u0111\u00e3 \u0111\u01b0\u1ee3c l\u1ef1a ch\u1ecdn \u1edf <a href=\"http:\/\/www.hubit.asia\/\">Hub.IT<\/a> (xem <a href=\"https:\/\/www.facebook.com\/hubITasia\">Facebook page<\/a>). Hub.IT t\u1ecda l\u1ea1c \u1edf khu trung t\u00e2m c\u1ee7a H\u00e0 N\u1ed9i, c\u00e1ch kh\u00f4ng xa th\u1eafng c\u1ea3nh n\u1ed5i ti\u1ebfng <a href=\"http:\/\/en.wikipedia.org\/wiki\/Ho%C3%A0n_Ki%E1%BA%BFm_Lake\">H\u1ed3 Ho\u00e0n Ki\u1ebfm<\/a>.<\/p>\n<p>Nh\u00f3m t\u1ed5 ch\u1ee9c \u0111\u00e3 s\u1eed d\u1ee5ng Hub.IT cho <a href=\"http:\/\/www.meetup.com\/hanoi-wordpress\/\">c\u00e1c meetup<\/a> trong 4 th\u00e1ng v\u1eeba qua, \u0111\u00e2y l\u00e0 m\u1ed9t n\u01a1i r\u1ea5t tuy\u1ec7t v\u1eddi \u0111\u1ec3 chia s\u1ebb c\u00e1c \u00fd t\u01b0\u1edfng, m\u1ed9t trong nh\u1eefng co-working spaces t\u1ed1t nh\u1ea5t trong th\u00e0nh ph\u1ed1 v\u00e0 internet c\u00f3 t\u1ed1c \u0111\u1ed9 cao v\u00e0 \u1ed5n \u0111\u1ecbnh. \u0110\u1ed3ng th\u1eddi s\u1ed1 ch\u1ed7 ng\u1ed3i \u1edf \u0111\u00e2y (b\u00e0n v\u00e0 gh\u1ebf) ph\u00f9 h\u1ee3p v\u1edbi s\u1ed1 l\u01b0\u1ee3ng ng\u01b0\u1eddi tham gia d\u1ef1 ki\u1ebfn. <\/p>\n<p><strong>\u0110\u1ecba \u0111i\u1ec3m<\/strong><br \/>\n<em>Hub.IT<\/em><br \/>\n2 Ng\u00f4 Quy\u1ec1n<br \/>\nQu\u1eadn Ho\u00e0n Ki\u1ebfm,<br \/>\nH\u00e0 N\u1ed9i, Vi\u1ec7t Nam<\/p>\n<p><img decoding=\"async\" src=\"https:\/\/i.cloudup.com\/rbzO3dE5IM.png\" alt=\"Hub.IT\" \/><\/p>\n<p><strong>Khu v\u1ef1c t\u1ed5 ch\u1ee9c event<\/strong><br \/>\n\u0110\u00e2y l\u00e0 m\u1ed9t s\u1ed1 h\u00ecnh \u1ea3nh c\u1ee7a khu v\u1ef1c n\u00e0y (xem th\u00eam h\u00ecnh \u1ea3nh <a href=\"https:\/\/cloudup.com\/cpt8v8VkpJO\">\u1edf \u0111\u00e2y<\/a>):<\/p>\n<p><img decoding=\"async\" src=\"https:\/\/i.cloudup.com\/EuBXWP4Iay.jpg\" alt=\"Hub.IT\" \/><br \/>\n<img decoding=\"async\" src=\"https:\/\/i.cloudup.com\/2oKGQAdsOe.jpg\" alt=\"Hub.IT\" \/><br \/>\n<img decoding=\"async\" src=\"https:\/\/i.cloudup.com\/3tTNSI-44G.jpg\" alt=\"Hub.IT\" \/><\/p>\n<p>Kh\u00f4ng c\u00f3 v\u1ea5n \u0111\u1ec1 g\u00ec trong vi\u1ec7c di chuy\u1ec3n t\u1edbi \u0111\u1ecba \u0111i\u1ec3m n\u00e0y. Nh\u1eefng ng\u01b0\u1eddi \u1edf xa khu trung t\u00e2m c\u0169ng c\u00f3 th\u1ec3 t\u00ecm \u0111\u01b0\u1ee3c nh\u1eefng \u0111\u1ecba \u0111i\u1ec3m n\u1ed5i ti\u1ebfng \u1edf quanh Hub.IT v\u00e0 di chuy\u1ec3n \u0111\u1ebfn \u0111\u00f3. V\u00ed d\u1ee5, \u0111i b\u1ed9 t\u1eeb Khu ph\u1ed1 c\u1ed5 H\u00e0 N\u1ed9i t\u1edbi Hub.IT ch\u1ec9 m\u1ea5t kho\u1ea3ng 20 ph\u00fat, hay s\u1eed d\u1ee5ng taxi th\u00ec ch\u1ec9 m\u1ea5t 5 ph\u00fat v\u1edbi chi ph\u00ed kho\u1ea3ng v\u00e0i ch\u1ee5c ngh\u00ecn \u0111\u1ed3ng (VND). <\/p>\n<p>&#8212;<\/p>\n<p>The venue for WordCamp Hanoi has already been chosen. It&#8217;s <a href=\"http:\/\/www.hubit.asia\/\">Hub.IT<\/a> (see their <a href=\"https:\/\/www.facebook.com\/hubITasia\">Facebook page<\/a>), located in the heart of Hanoi and a stone&#8217;s throw away from <a href=\"http:\/\/en.wikipedia.org\/wiki\/Ho%C3%A0n_Ki%E1%BA%BFm_Lake\">Hoan Kiem Lake<\/a>, a central landmark in the city.<\/p>\n<p>We have been using Hub.IT for our <a href=\"http:\/\/www.meetup.com\/hanoi-wordpress\/\">meetups<\/a> during the last four months, and it has proved to be a wonderful and professional (yet cozy) space for sharing ideas. It&#8217;s one of the best co-working spaces in the city and the internet is fast and reliable. There are plenty of tables and chairs for our estimated attendance.<\/p>\n<p><strong>Location<\/strong><br \/>\n<em>Hub.IT<\/em><br \/>\n2 Ng\u00f4 Quy\u1ec1n<br \/>\nQu\u1eadn Ho\u00e0n Ki\u1ebfm,<br \/>\nH\u00e0 N\u1ed9i, Vi\u1ec7t Nam<\/p>\n<p><img decoding=\"async\" src=\"https:\/\/i.cloudup.com\/rbzO3dE5IM.png\" alt=\"Hub.IT\" \/><\/p>\n<p><strong>Event Space<\/strong><br \/>\nHere are photos of the space (more photos in the gallery <a href=\"https:\/\/cloudup.com\/cpt8v8VkpJO\">here<\/a>):<\/p>\n<p><img decoding=\"async\" src=\"https:\/\/i.cloudup.com\/EuBXWP4Iay.jpg\" alt=\"Hub.IT\" \/><br \/>\n<img decoding=\"async\" src=\"https:\/\/i.cloudup.com\/2oKGQAdsOe.jpg\" alt=\"Hub.IT\" \/><br \/>\n<img decoding=\"async\" src=\"https:\/\/i.cloudup.com\/3tTNSI-44G.jpg\" alt=\"Hub.IT\" \/><\/p>\n<p>All Hanoians are able to access this spot extremely easily, and visitors from out of town will also have no trouble at all finding accommodations that are walking distance to Hub.IT or a short taxi ride away. For example, a walk from Hanoi&#8217;s Old Quarter to Hub.IT might take around 20 minutes, while a taxi ride might take 5 minutes for a few USD.<\/p>\n","protected":false},"excerpt":{"rendered":"<p>(English Below) \u0110\u1ecba \u0111i\u1ec3m t\u1ed5 ch\u1ee9c WordCamp H\u00e0 N\u1ed9i \u0111\u00e3 \u0111\u01b0\u1ee3c l\u1ef1a ch\u1ecdn \u1edf Hub.IT (xem Facebook page). Hub.IT t\u1ecda l\u1ea1c \u1edf khu trung t\u00e2m c\u1ee7a H\u00e0 N\u1ed9i, c\u00e1ch kh\u00f4ng xa th\u1eafng c\u1ea3nh n\u1ed5i ti\u1ebfng H\u1ed3 Ho\u00e0n Ki\u1ebfm. Nh\u00f3m t\u1ed5 &hellip; <a href=\"https:\/\/hanoi.wordcamp.org\/2014\/location\/\">Continue reading <span class=\"screen-reader-text\">\u0110\u1ecba \u0111i\u1ec3m (Location)<\/span>  <span class=\"meta-nav\">&rarr;<\/span><\/a><\/p>\n","protected":false},"author":5790834,"featured_media":0,"parent":0,"menu_order":0,"comment_status":"closed","ping_status":"closed","template":"","meta":{"jetpack_post_was_ever_published":false,"footnotes":""},"class_list":["post-5","page","type-page","status-publish","hentry"],"jetpack_sharing_enabled":true,"_links":{"self":[{"href":"https:\/\/hanoi.wordcamp.org\/2014\/wp-json\/wp\/v2\/pages\/5","targetHints":{"allow":["GET"]}}],"collection":[{"href":"https:\/\/hanoi.wordcamp.org\/2014\/wp-json\/wp\/v2\/pages"}],"about":[{"href":"https:\/\/hanoi.wordcamp.org\/2014\/wp-json\/wp\/v2\/types\/page"}],"author":[{"embeddable":true,"href":"https:\/\/hanoi.wordcamp.org\/2014\/wp-json\/wp\/v2\/users\/5790834"}],"replies":[{"embeddable":true,"href":"https:\/\/hanoi.wordcamp.org\/2014\/wp-json\/wp\/v2\/comments?post=5"}],"version-history":[{"count":6,"href":"https:\/\/hanoi.wordcamp.org\/2014\/wp-json\/wp\/v2\/pages\/5\/revisions"}],"predecessor-version":[{"id":93,"href":"https:\/\/hanoi.wordcamp.org\/2014\/wp-json\/wp\/v2\/pages\/5\/revisions\/93"}],"wp:attachment":[{"href":"https:\/\/hanoi.wordcamp.org\/2014\/wp-json\/wp\/v2\/media?parent=5"}],"curies":[{"name":"wp","href":"https:\/\/api.w.org\/{rel}","templated":true}]}}